 2*c**2 + 0. Give x(b).
4
Let q(t) be the second derivative of 2*t + 0 - 1/2*t**2 + 1/6*t**3. Calculate q(4).
3
Let p(n) = 10 - 14 + 0*n**3 + n**3. Let i be p(0). Let q(o) = -5*o - 16. Let k(w) = w + 3. Let a(j) = 11*k(j) + 2*q(j). Calculate a(i).
-3
Let i(s) = -37*s**3 - 10*s**2 - 7. Let k(g) = -25*g**3 - 7*g**2 - 5. Suppose -33 = 4*o + z, -o + z + 0*z = 2. Let f(v) = o*k(v) + 5*i(v). Calculate f(-1).
9
Let x(v) be the second derivative of v**5/20 + v**4/3 - v**3/6 - 2*v**2 - 29*v. Calculate x(-4).
0
Let d(r) = 4*r. Let o(x) = -x - 1. Let u(i) = d(i) + o(i). Give u(1).
2
Suppose 2*w = -2*w - 4. Let k(z) = -5*z**3 + 4*z**2 - 5*z - 2. Let u(i) = -3*i**3 + 2*i**2 - 2*i - 1. Let d(t) = 2*k(t) - 5*u(t). Give d(w).
-6
Let h(t) be the first derivative of 3*t**2/2 - 3*t - 1. Let l be -11*-2*(-3)/(-6). Let i = 8 - l. Calculate h(i).
-12
Let s(f) be the first derivative of 2*f**2 - 6*f + 38. Calculate s(4).
10
Let c(q) = -q**3 - 5*q**2 + 5*q - 7. Let u be (2/3)/((-2)/9). Let s be (u - -3 - -1)*-6. Let z be c(s). Let i(d) = 3*d + 1. What is i(z)?
-2
Let i(s) = s + 13. Let f be i(-9). Let t(o) = o**2 - 3*o - 4. Give t(f).
0
Let k(o) = 13 + 10 - 18 + 7*o + o**2. Determine k(-4).
-7
Let i(g) = -3*g**2 + g + 1. Let u be (-14)/(-21)*3/2. Let b be i(u). Let h(q) = -3*q. Calculate h(b).
3
Let j(s) = -s + 6 - 6*s + 1 + 4*s. Let b be (-5)/(20/(-12)) - -2. Give j(b).
-8
Let l(a) = -4*a + 6. Let b = 0 - 0. Let f be 0 - -5 - b/(-2). Suppose 5*t + f*n - 15 = 0, 2*t = -3*t - 4*n + 16. Determine l(t).
-10
Let g be -1 + -2 + -11 + 9. Let z(j) = 2*j - 2. What is z(g)?
-12
Let w(d) be the second derivative of -d**5/20 + d**4/12 - 7*d**2/2 + d. Let b(n) = n**3 - n. Let y be 0/((-3)/(-2 - 1)). Let m be b(y). What is w(m)?
-7
Let s(f) = f. Let d(y) = 2*y - 6*y - 1 + 0 + 6*y. Suppose -15 = n + 3*q + 5, -12 = 4*n - 5*q. Let i(l) = n*s(l) + 3*d(l). Calculate i(-3).
3
Suppose -3*o + 0 = -3. Let k(b) = -2*b**2 - b + 1. Calculate k(o).
-2
Suppose 0 = -5*c + 2*q - 111, 0 = -2*q + 4*q - 6. Let f = -10 - c. Suppose 2*r - f = -1. Let i(a) = 2*a - 4. Give i(r).
6
Let f be ((-10)/3)/(6/(-9)). Suppose 0 = -f*z + 4*d - 22, 3*z - 5*d + 18 = -d. Let p(o) = -o - 3. What is p(z)?
-1
Suppose -l - 11*l = -72. Let r(g) = -g**2 + 9*g - 7. Give r(l).
11
Let h(u) be the third derivative of -u**5/40 + u**4/24 - 2*u**3/3 - 4*u**2. Let q(p) be the first derivative of h(p). Suppose -2*r = -0*r + 4. What is q(r)?
7
Let a(p) = -p**2 + 5*p - 4. Suppose -5*q + 19 = 9. Let y = 20 - 13. Suppose 0 = -4*w + q*w - x + 9, -y = -w - 3*x. Determine a(w).
0
Let u(m) be the second derivative of m**8/6720 - m**6/360 - m**5/120 - m**4/4 - 4*m. Let b(w) be the third derivative of u(w). Determine b(-2).
-5
Let t(n) = n**3 - 9*n**2 + 9*n - 5. Let v be t(8). Suppose 3*g + 2*g = 10, -3*c + v*g = -3. Let p(s) = 4*s**2 + c*s - 4*s + 0*s**2 + 5 - 5*s**2. Give p(0).
5
Let b(x) = -2*x**3 + x. Let u be b(1). Let z be -6*u/(0 + 2). Let j(h) = -h + z*h**3 - h**2 - 2*h**2 + 4*h**2. Give j(1).
3
Let q(n) be the third derivative of -n**4/12 + n**3/3 - 16*n**2. Calculate q(3).
-4
Let m(h) = -h**2 - 4*h + 4. Let q = -12 - -17. Suppose 0 = -5*x - 5*s, x = 2*x + q*s - 16. What is m(x)?
4
Let i be 3/(-3) + 5 - 2. Suppose -4 = -3*f + i*f. Let h(k) = -k**3 + 5*k**2 - 7*k + 4. Determine h(f).
-8
Let s(z) = 7*z**2 - 3*z + 3. Let o(m) = -15*m**2 + 7*m - 7. Let c(g) = -6*o(g) - 13*s(g). Let l be 12*((-21)/(-9))/7. Let b be (2 - (l - -1))*1. What is c(b)?
3
Suppose -3*j + 30 = 2*j. Suppose -5*d - 15 = 0, q = 3*q + 3*d + 25. Let n = q + j. Let g(s) = 2*s + 2. Determine g(n).
-2
Let v be 1 + 0 - 4/(-2). Let z(j) = j**2 - 4*j**2 + 2*j**2 - j**v - 2 + j. Calculate z(-2).
0
Let s(x) = -2*x + 0*x + 4 + 2*x - x. Suppose 5*h + j + 13 = 0, 5*j = 3*h + 32 - 13. Determine s(h).
7
Let y(o) be the second derivative of o**5/20 + o**4/12 - o**3/6 - 2*o**2 - 9*o. Calculate y(0).
-4
Let w(o) = -5 + 8 - 7*o - o**2 + 4 + 2*o. What is w(-6)?
1
Suppose 0 = 3*r - 6. Suppose 4*c - 6 = p, 4*p + r*c - 10 = p. Let n(h) = 3*h + h**3 - 6*h**2 + h - 3 + 4*h**2. Determine n(p).
5
Let x(g) = 5 - 3 - g + 0. Let n = 76 + -13. Let b be n/13 + (-2)/(-13). What is x(b)?
-3
Suppose -3*w + 22 = 5*t + 6, 0 = -2*t - 2*w + 8. Let a(h) be the second derivative of 4*h + 7/2*h**t + 0 - 1/6*h**3. Give a(5).
2
Let j(p) = -1 - 3*p + 0 + 6 - 3 - p**2. Determine j(-5).
-8
Let i(m) be the first derivative of -m**3/2 + 7*m - 1. Let w(j) be the first derivative of i(j). What is w(-1)?
3
Let z(f) = f**2 - 3. Suppose -4*q - q + 5 = 0. Let s(i) = 2*i + 1. Let n be s(q). Suppose 2*k - 3 = n. Give z(k).
6
Let o(f) = -f**3 - f**2 + f. Let r(g) be the first derivative of -g**4/4 + g**3 - g**2 - 2*g + 5. Let v be r(2). Determine o(v).
2
Let p(m) = 6*m - 7. Let a(j) = -5*j + 6. Let t(n) = 5*a(n) + 4*p(n). Give t(-4).
6
Let t(y) = -3*y**3 + 2*y**2 - y. Let j be t(1). Let d = 2 - -1. Let s(m) = 0*m - 3*m - 2*m + d*m + 2. Determine s(j).
6
Let m(u) = -3*u - 3. Let b(x) = 31*x**2 - x + 1. Let y be b(1). Suppose 4*h + y = 2*h + 5*l, 2*h + 1 = -l. Calculate m(h).
6
Let o(b) = -b**3 + 7*b**2 - 7*b + 4. Suppose x = -5*j + 27, -12 = 4*j - 2*x - 42. Determine o(j).
-2
Suppose z = -3*z + 16. Let i(j) = -2*j + 3 + z - j**3 - 6*j - 6*j**2 + 3*j. Give i(-5).
7
Let p(j) = 2*j + 5. Suppose -4*s + 4 = 5*u + 18, 3*u + 10 = -2*s. Give p(u).
-7
Let c(r) be the third derivative of 1/2*r**3 + 5/24*r**4 + 3*r**2 + 1/60*r**5 + 0 + 0*r. Determine c(-4).
-1
Let b(w) = -w**2 + 3*w + 4. Suppose -2*d = 3*d - 15. Suppose -55 = -2*x - d*x + 5*l, -50 = -2*x - 5*l. Suppose 0*p - 5*p = -x. Determine b(p).
4
Let z(n) = 3*n + 4. Suppose -2*q = -3*q - 92. Let g = 47 + q. Let o be 1/2 - g/(-10). What is z(o)?
-8
Let q(m) = 4 + 0*m**2 - 6*m - 5*m**2 + 4*m**2. Let c = -123 + 119. Give q(c).
12
Let n(s) = 3*s - 3. Let j(y) = -8*y + 8. Let r(x) = -4*j(x) - 11*n(x). Suppose -9 - 23 = 8*z. Determine r(z).
5
Let d(c) be the third derivative of c**7/5040 + c**5/30 - 2*c**2. Let i(g) be the third derivative of d(g). Calculate i(5).
5
Suppose 4 = 5*u - 1. Let k be (-1)/(u*1/1). Let r(c) be the second derivative of -c**5/4 - c**4/6 - c**3/3 - c**2/2 + 2*c. Give r(k).
4
Suppose -7 = -3*l - 4. Let m(u) = 2*u - 1. Let f(j) = j. Let z(i) = l*m(i) - 5*f(i). Let n(q) = -q**2 - 11*q - 23. Let s be n(-8). Determine z(s).
-4
Let c(w) = 4*w - 3*w + 3 + 4 + 2. Let z be c(-6). Let a(g) = 4 + z*g - 2*g - 2. What is a(-3)?
-1
Let w(o) = 0*o - 14*o**2 - o - 2 + o**3 + 17*o**2 - 1. Determine w(-3).
0
Let f(t) = t**3 + t**2 - t + 2. Let h be (-51)/85 + (-7)/5. Determine f(h).
0
Let o(n) = n + 17. Let g(d) = -1. Let q(y) = 6*g(y) + o(y). Determine q(-9).
2
Let u(v) = -v**3 - 14*v**2 - 12*v + 17. Let t be u(-13). Let d(y) = t*y - 1 - y + 3 - 1. Give d(-1).
-2
Let k = 7 + -5. Suppose 8 = k*n - 0*n. Let p(i) = -i**2 + 7*i - 1. Calculate p(n).
11
Let x = -4 + 9. Suppose 0*r = x*r + 15. Let v(c) = -4*c. What is v(r)?
12
Suppose 2*u - 1 - 7 = 0. Let z(w) = 5*w - 5. Let y(p) = -4*p + 4. Let f(i) = 4*y(i) + 3*z(i). Determine f(u).
-3
Suppose 3*n - 25 = -2*x, 3*n + 15 = 2*x + 4*n. Let m(g) = -g**2 + 5*g + 2. Calculate m(x).
2
Let t = 0 - -5. Suppose t*m - 12 = -37. Let a(f) = -f**3 - 6*f**2 - 6*f. Calculate a(m).
5
Let s(v) = v**3 + 2*v**2 - 4*v + 1. Suppose 0 = -5*w - 0*w + 4*f - 12, -w - 2*f - 8 = 0. Determine s(w).
-15
Let i(s) = -s + 3*s + 3*s. Suppose -3*l = -12, 0 = 4*f + 5*l - 32 + 8. Suppose 0 = 4*a + 3*r - 5, -7*a - f = -3*a + r. Determine i(a).
-5
Let o(v) = -8 - v**3 + 7*v**2 + v**2 + 8*v**2 + v - 15*v**2. Let f be 2/(-6) - 3/(-9). What is o(f)?
-8
Suppose 2*n - 3*n + 7 = b, -5*b = 3*n - 29. Suppose n*a = 10 - 28. Let v(o) = 2*o + 1. What is v(a)?
-11
Suppose 2*n = -8 + 20. Suppose 2*j = -3*k - 10, -2*j + 3*k + n = 2*k. Let v(i) = -12*i - 1. Give v(j).
-13
Let d(z) be the second derivative of -1/20*z**5 + 1/4*z**4 - 1/2*z**2 + 0*z**3 - 6*z + 0. Let u(a) = 3*a**3 + a**2 - 1. Let w be u(1). Give d(w).
-1
Let k(i) = i**2 - 3*i - 1. Suppose m - 8 = -3. Suppose -3*b = -m + 23. Let g = b + 9. Give k(g).
-1
Let p(y) be the third derivative of y**4/24 + y**3/3 + y**2. Suppose -87 = b - 89. Give p(b).
4
Let y(f) be the third derivative of f**4/24 + 6*f**2. Determine y(6).
6
Let a(x) = -x**3 + 9*x**2 - 3*x + 9. Suppose 0 = -5*n - 5*y + 35, n - 2*y - 15 = y. What is a(n)?
-